factors of 2378560454.
2, 29, 1187, 34549
List the prime factors of 59581553.
163, 365531
List the prime factors of 6468772.
2, 17, 251, 379
List the prime factors of 997284004.
2, 431, 607, 953
What are the prime factors of 1261975736?
2, 7, 41, 549641
What are the prime factors of 3760434566?
2, 7, 113, 659, 3607
List the prime factors of 1173203004.
2, 3, 29, 467, 7219
List the prime factors of 87023907.
3, 137, 163, 433
List the prime factors of 48521050.
2, 5, 970421
List the prime factors of 66383663.
19, 433, 8069
List the prime factors of 589132409.
2383, 247223
What are the prime factors of 66565153?
31, 2147263
List the prime factors of 1036005809.
37, 113, 181
List the prime factors of 62237700.
2, 3, 5, 7, 37, 89
What are the prime factors of 1130295724?
2, 282573931
What are the prime factors of 798477964?
2, 17, 19, 79, 7823
What are the prime factors of 15209840?
2, 5, 31, 6133
List the prime factors of 61408028.
2, 11, 191, 7307
What are the prime factors of 225246420?
2, 3, 5, 7, 2207
What are the prime factors of 14040440?
2, 5, 351011
What are the prime factors of 93910619?
11, 8537329
What are the prime factors of 151297550?
2, 5, 211, 14341
What are the prime factors of 6062668480?
2, 5, 11, 139, 12391
List the prime factors of 143286421.
17, 8428613
What are the prime factors of 653161439?
7, 3889, 23993
List the prime factors of 37939237.
7, 5419891
List the prime factors of 4004522710.
2, 5, 29, 13808699
What are the prime factors of 476539558?
2, 11, 1283, 16883
What are the prime factors of 1180903494?
2, 3, 53, 3713533
What are the prime factors of 75574095?
3, 5, 17, 296369
What are the prime factors of 44647194?
2, 3, 83, 89653
List the prime factors of 101051773.
37, 2731129
What are the prime factors of 1184123712?
2, 3, 17, 409, 887
List the prime factors of 1959330294.
2, 3, 108851683
List the prime factors of 89482866.
2, 3, 11, 17, 173, 461
List the prime factors of 121880123.
17, 953, 7523
What are the prime factors of 823730974?
2, 11, 1459, 2333
What are the prime factors of 81551615?
5, 16310323
What are the prime factors of 954568445?
5, 17, 660601
What are the prime factors of 9039106093?
9039106093
What are the prime factors of 80307306?
2, 3, 23, 193979
What are the prime factors of 84747834?
2, 3, 37, 127249
What are the prime factors of 692129939?
71, 587, 16607
What are the prime factors of 719290950?
2, 3, 5, 7, 685039
List the prime factors of 216750602.
2, 53, 701, 2917
What are the prime factors of 29390186?
2, 7, 2099299
What are the prime factors of 133625997?
3, 29, 157, 1087
List the prime factors of 1895282.
2, 947641
What are the prime factors of 26339327?
7, 1459, 2579
List the prime factors of 111966537.
3, 61, 611839
List the prime factors of 316557969.
3, 7, 13, 17, 68209
List the prime factors of 342621705.
3, 5, 22841447
List the prime factors of 220521359.
220521359
List the prime factors of 302305179.
3, 11, 43, 163, 1307
List the prime factors of 18594513.
3, 7, 31, 9521
What are the prime factors of 298488221?
14537, 20533
What are the prime factors of 843436987?
1667, 505961
What are the prime factors of 3153074745?
3, 5, 17, 12364999
List the prime factors of 6946385509.
7, 992340787
List the prime factors of 2404142.
2, 13, 92467
List the prime factors of 23477410.
2, 5, 11, 53, 4027
What are the prime factors of 3321337446?
2, 3, 7, 19, 139, 1109
What are the prime factors of 179855264?
2, 491, 11447
What are the prime factors of 30006137?
7, 41, 104551
List the prime factors of 143553007.
13, 37, 149, 2003
List the prime factors of 158472889.
67, 2365267
List the prime factors of 5463137346.
2, 3, 1627, 559633
What are the prime factors of 123814278?
2, 3, 7, 73, 641
List the prime factors of 61432690.
2, 5, 11, 558479
What are the prime factors of 4799764356?
2, 3, 439, 467, 1951
List the prime factors of 80502025.
5, 3220081
What are the prime factors of 333318182?
2, 166659091
List the prime factors of 2090454263.
2090454263
List the prime factors of 1908734693.
1908734693
What are the prime factors of 92680439?
92680439
What are the prime factors of 462600738?
2, 3, 25700041
List the prime factors of 3011993256.
2, 3, 125499719
List the prime factors of 420534760.
2, 5, 23, 199, 2297
What are the prime factors of 1822482944?
2, 3559537
What are the prime factors of 166869655?
5, 3833, 8707
What are the prime factors of 116890713?
3, 41, 316777
List the prime factors of 2623622424.
2, 3, 109317601
What are the prime factors of 1129303017?
3, 211, 401, 1483
What are the prime factors of 1630341299?
1630341299
What are the prime factors of 35693394?
2, 3, 11, 540809
List the prime factors of 672074842.
2, 1663, 202067
List the prime factors of 328797644.
2, 7, 1677539
List the prime factors of 904938430.
2, 5, 11, 53, 103, 137
List the prime factors of 1092813092.
2, 7, 193, 4127
What are the prime factors of 228956699?
228956699
What are the prime factors of 2418026018?
2, 23, 107, 223, 2203
List the prime factors of 3151820765.
5, 37, 17036869
What are the prime factors of 182820762?
2, 3, 73, 139133
What are the prime factors of 22570333?
37, 307, 1987
List the prime factors of 4765555770.
2, 3, 5, 17, 1061, 8807
List the prime factors of 126688393.
13, 23, 423707
List the prime factors of 325761733.
11, 31, 955313
List the prime factors of 626762342.
2, 313381171
What are the prime factors of 2779258971?
3, 7741, 119677
List the prime factors of 286779476.
2, 71694869
What are the prime factors of 322392803?
37, 8713319
List the prime factors of 137008985.
5, 317, 86441
List the prime factors of 2117181693.
3, 11, 47, 1365043
List the prime factors of 1439041631.
1439041631
What are the prime factors of 162645?
3, 5, 7, 1549
What are the prime factors of 156318295?
5, 7, 61, 211, 347
What are the prime factors of 169883980?
2, 5, 7, 23, 7537
List the prime factors of 25852666.
2, 7, 1846619
What are the prime factors of 320060737?
3709, 86293
What are the prime factors of 5629812946?
2, 18043, 156011
What are the prime factors of 16110168?
2, 3, 671257
What are the prime factors of 76790271?
3, 25596757
List the prime factors of 1693120902.
2, 3, 11, 25653347
What are the prime factors of 615866824?
2, 241, 319433
List the prime factors of 1430697829.
11, 41, 288389
What are the prime factors of 111700635?
3, 5, 7446709
What are the prime factors of 221972935?
5, 1213, 36599
List the prime factors of 55048240.
2, 5, 13, 41, 1291
List the prime factors of 17438615.
5, 839, 4157
List the prime factors of 1393329601.
1669, 834829
What are the prime factors of 172187992?
2, 21523499
List the prime factors of 1695680085.
3, 5, 11, 934259
What are the prime factors of 2460432546?
2, 3, 11, 13, 955879
What are the prime factors of 5493464933?
11, 103, 4848601
What are the prime factors of 79619559?
3, 26539853
What are the prime factors of 225460239?
3, 17, 29, 152441
What are the prime factors of 25969727?
7, 17, 218233
What are the prime factors of 572197076?
2, 11, 13004479
List the prime factors of 554455693.
11, 37, 1362299
What are the prime factors of 1157981747?
13, 6851963
What are the prime factors of 159292932?
2, 3, 13274411
What are the prime factors of 2358913072?
2, 147432067
What are the prime factors of 3984104962?
2, 1992052481
What are the prime factors of 104281005?
3, 5, 6952067
What are the prime factors of 228393486?
2, 3, 67, 63127
What are the prime factors of 13032313?
7, 1861759
What are the prime factors of 36836933?
7, 739, 7121
What are the prime factors of 89021418?
2, 3, 17, 739, 1181
What are the prime factors of 490937050?
2, 5, 17, 577573
List the prime factors of 146480917.
11, 89, 149623
What are the prime factors of 402094045?
5, 80418809
What are the prime factors of 321156779?
5387, 59617
List the prime factors of 106489880.
2, 5, 7, 277, 1373
What are the prime factors of 328052306?
2, 2927, 56039
What are the prime factors of 463353425?
5, 18534137
What are the prime factors of 6305042198?
2, 7, 13, 31, 47, 59
List the prime factors of 6129975511.
11, 431, 1292971
What are the prime factors of 3426069365?
5, 685213873
What are the prime factors of 29062034?
2, 1409, 10313
What are the prime factors of 111057369?
3, 37019123
What 